- 1892 = -1900. Let j(z) = 5*z + 6. What is j(u)?
-14
Let k(w) be the third derivative of -5*w**4/24 + 10*w**3/3 - 95*w**2. Calculate k(4).
0
Let j = -93 - -103. Let c(u) = u**2 - 9*u - 13. Determine c(j).
-3
Let m(d) = 5*d**2 + 250 - 124 - 120 - 4*d**2. Let s(f) = -f**3 - 5*f**2 - 12*f + 0*f**3 + 8*f. Let h be s(-4). What is m(h)?
6
Let s(v) be the first derivative of v**3/3 - 19*v**2/2 - 40*v - 909. Determine s(20).
-20
Suppose -2*q = -q - 13. Let u = q + -11. Let d(g) = -g**2 + g. Let b be d(u). Let c(m) = -7*m - 1. Give c(b).
13
Let m(p) = -p**2 + p + 1. Suppose -349*f = -348*f - 3. Give m(f).
-5
Suppose 54*i - 9 = 57*i. Let k(m) = 7*m + 4. Calculate k(i).
-17
Suppose 3*f + 2*d = 1, 4*f + 2 = 2*d - 6. Let m(r) = -13*r**3 - 1. Give m(f).
12
Let i(j) = 6*j - 3. Suppose -3*r + 45 = 2*r. Let h(x) = -3*x + r*x + 12*x - 8. Let c(q) = 4*h(q) - 11*i(q). Calculate c(1).
7
Let m = 21 + -17. Let o(b) = -b**3 + 3*b**2 + 2*b + 4. Determine o(m).
-4
Let p(f) = -13*f**2 + 4*f - 2. Let n be p(1). Let z(l) = -l**2 - 8*l + 11. Give z(n).
-22
Let i(d) = 2*d - 3. Suppose 0*x = -h + x + 3, -2*x + 6 = 2*h. Let v(k) = 3 + h + 5 + 7 + k**2 + 10*k. Let c be v(-8). What is i(c)?
1
Let i(r) = r**3 - 5*r**2 + r - 6. Let x = 24 + -19. Suppose x*h - 100 = h. Suppose 0 = -16*j + 21*j - h. Determine i(j).
-1
Let v(c) = -3693*c + 3695*c + 1 - 11*c**2 + 10*c**2. Let d(n) = n + 9. Let s be d(-7). What is v(s)?
1
Let o(f) = f**3 - 6*f**2 - 3*f + 5. Let w be o(5). Let g = w - -29. Let n(y) = y + 6*y**2 + 3 - 6 + 2 + y**3. Calculate n(g).
-7
Let y(h) = -h + 19. Let f(j) = -2. Let r(l) = -22*f(l) - 2*y(l). Let v = -9 - -5. Calculate r(v).
-2
Let f(i) = 21*i + 12. Let m(s) = 10*s + 7. Let w(j) = 4*f(j) - 7*m(j). Suppose 3*c - 4*n - 4 = 11, 3 = -n. What is w(c)?
13
Let w be (9/21 - 6/14)/2. Let q(u) = -7*u - 1. What is q(w)?
-1
Let w be 1/4 - 36/(-48). Let x be w/(1/(-1)) + -2. Let c(g) = g**3 + 4*g**2 + 4*g. Give c(x).
-3
Suppose 3*u + 2*u = 5. Let l(d) = -u + 2*d + 6*d - 7*d. What is l(8)?
7
Let g(d) = d. Let l be g(1). Let w(i) = i**3 - i**2 + 2*i. Suppose -2*t + t - 1 = 0. Let a(u) = -u**3 + u**2 - u. Let j(y) = t*w(y) - 2*a(y). What is j(l)?
0
Suppose -85*y + 82*y = -3. Let i(x) = -9*x + 0*x - 4*x + y + x. What is i(1)?
-11
Let q be 1*2 + (3 - 0). Suppose 22*c = 3 + 41. Let j(l) = -l**2 - q - 2*l - 5*l**c - l - l**3 + l**2. What is j(-4)?
-9
Let l(z) = -14 + 2*z - 1 + 48 - 19 - 3*z. Let u(h) = -h**3 - 4*h**2 + 2*h - 7. Let q be u(-5). Calculate l(q).
6
Let s(y) = y + 15. Let d(l) = -l**3 - 11*l**2 + 12*l - 9. Let c be d(-12). Let b be s(c). Let j(q) = q**3 - 5*q**2 - 9*q + 3. Give j(b).
-15
Let p(l) = -l - 7. Let c(f) = -5*f + 3*f + f - 3. Let j(u) = 9*c(u) - 4*p(u). Calculate j(-1).
6
Let z(u) = 18*u**2 - 38*u**2 + 4*u + 18 - u - 12 + 19*u**2. Determine z(5).
-4
Let q(z) = -1. Let w(a) = -2*a. Let t(n) = -q(n) - w(n). Let s be 8/36 + (-60)/27. Let d be t(s). Let f(u) = -u - 4. What is f(d)?
-1
Let q(j) = -j**3 + 6*j**2 - 3*j - 4. Let p be ((-15)/(-2))/(7/(-28)). Let s be ((-6)/9)/(5/p). Let k be 5/((s/1)/4). Determine q(k).
6
Let l = 11 - 15. Let q be 1*(-2)/(l/(-2)). Let g(n) = -n**3 + n + 1. Calculate g(q).
1
Let d(l) = -3*l + 3641 + l**2 + 2*l - 3645. Calculate d(-4).
16
Let s(u) = -u**3 - 4*u**2 + 10*u + 8. Suppose -49*l + 12*l - 222 = 0. Give s(l).
20
Let x(c) = 7*c + 5. Let w(k) = k**2 + 5*k - 26. Let m be w(3). What is x(m)?
-9
Let s(b) = 6*b**2 - 2*b**3 + 2*b**2 + 9 - 10 + b. What is s(4)?
3
Let t = 1046 - 1054. Let s(m) = -m**3 - 7*m**2 + 9*m + 7. What is s(t)?
-1
Let i(r) be the third derivative of r**4/12 - 8*r**3/3 + 546*r**2. Give i(0).
-16
Suppose 9*c - 108 = -9*c. Let q(b) be the second derivative of b**4/12 - 7*b**3/6 + 3*b**2 - 3*b. Determine q(c).
0
Let p(s) = -3 + 0*s - 1 + 14*s - 9*s. What is p(3)?
11
Let a(c) be the second derivative of -c**5/20 - c**4/6 - 5*c**3/6 - 2*c**2 + 29*c. Let s be (-5 - -3)*9/6. What is a(s)?
20
Suppose -18 + 51 = 3*k. Let a(p) = p - 17. Let q be a(k). Let g(d) = -d**2 - 1 - 8*d - 3 + 6. What is g(q)?
14
Let f(g) be the second derivative of 13*g**3/6 + 6*g**2 - 17*g. What is f(-5)?
-53
Suppose -15*u + 92 + 58 = 0. Let h(f) = f**3 - 9*f**2 - 9*f + 8. Give h(u).
18
Let q(r) = -r**2 + 14*r + 22. Suppose 4*c - 50 = -2*b, -7*b + 9*b - 65 = -5*c. Determine q(c).
7
Let c(d) = -d**2 + 4*d + 5. Let i = -146 + 37. Let k = -104 - i. What is c(k)?
0
Let t(x) be the second derivative of -x**5/20 + x**4/12 - x**2/2 + 6*x. Let p(s) be the first derivative of 3*s - 3. Let z(d) = -p(d) - 2*t(d). Calculate z(2).
7
Let v(w) = w + 20. Let j(y) = -y - 19. Let g(m) = 4*j(m) + 3*v(m). Determine g(-12).
-4
Suppose -5*q = -q + 3*p - 47, 3*q - 36 = -2*p. Suppose -12 = -h - q. Let s(t) = 3*t + 1. Calculate s(h).
-5
Let n(k) be the first derivative of 7*k**2 + k + 3. Let x = 146 + -147. Calculate n(x).
-13
Let s(j) = 3*j**3. Let g be s(1). Let b(h) be the first derivative of h**2 + 1/4*h**4 - 4 + 4*h + 5/3*h**g. Calculate b(-4).
12
Let a(p) = p**3 + 4*p**2 - 3*p + 5. Let q be -25 + (2 - 2/2). Let w = q + 28. Suppose 4*r - 4*n = -36, 2*n - w*n - 2 = 2*r. What is a(r)?
-5
Let z(r) = 0 + r**2 - 15 - 11 + 14 + 10*r. Determine z(-11).
-1
Let m = 2087 + -4173/2. Let z(f) be the second derivative of 8*f - 1/6*f**4 + m*f**2 + 0 + 1/6*f**3. What is z(2)?
-5
Let j(w) = 5*w**2 + 2 - w - 7 + w**3 - w**2. Suppose -45*r - 84 = 96. Determine j(r).
-1
Let z(g) = 2*g - 10*g - 78 + 76. What is z(2)?
-18
Let d = 33 + -29. Let g(r) = -r - 9*r + r**2 + 14*r - 2*r**2 - 4. Give g(d).
-4
Let b(c) be the second derivative of -c**6/720 + c**5/60 - 5*c**4/3 - 21*c. Let i(q) be the third derivative of b(q). What is i(6)?
-4
Let c = 58 + -55. Let y be c*(10/6 - (-6)/(-9)). Let k(i) = i**3 - 3*i**2 + 3. Give k(y).
3
Let h(f) be the second derivative of f**6/120 - f**5/10 - 3*f**4/8 + 4*f**3/3 - 4*f**2 - f. Let q(o) be the first derivative of h(o). Give q(7).
-6
Let d(y) = -13*y**3 + 2 - 1 - 3*y + 4*y + 53*y**2 - 2*y - 52*y**2. Let c be ((-3)/(6/4))/(-2). What is d(c)?
-12
Let g = -42 - -62. Suppose 4*j + 16 = 0, -2*z + 2*j + 0*j + g = 0. Let y = z - 7. Let f(m) = -4*m - 1. Give f(y).
3
Let d(r) = r**2 + 2*r - 2. Let n = 2 - 6. Let h = n + 6. Let k = h - 0. What is d(k)?
6
Let o(p) = 2*p**3 - 4*p**2 - 8*p + 6. Let w(y) = -y**3 + 2*y**2 + y. Let d(j) = o(j) + w(j). What is d(4)?
10
Let b(p) = 0*p - 2*p**3 - 2 - 2*p - 2*p + 0 + 7*p**2. Let m be b(2). Let n(i) = 2*i**3 - 3*i**2 + i. Calculate n(m).
6
Let z be 14/(-6) - 680/408. Let u(m) be the first derivative of -m**4/4 - 4*m**3/3 - m**2/2 - 2*m - 4. Calculate u(z).
2
Let u(l) = 76*l + 7 - 155*l + 78*l. Suppose -20 = 3*m + m. What is u(m)?
12
Let b(a) = -8*a**2 + 1. Let p be b(-1). Let w(d) = 5*d**3 + 6*d**2 - d + 1. Let v(l) = 6*l**3 + 6*l**2 + 2. Let r(q) = 4*v(q) - 5*w(q). Determine r(p).
17
Let n(t) = t**3 - t - 2. Suppose -12 = 4*p + j, -p = -2*j - 6 - 0. Suppose -2*u - 5*d + 23 = 0, 2*u + 0 = 3*d - 1. Let m = u + p. Calculate n(m).
4
Suppose 0 = -38*h + 79 + 111. Let m(j) = j**2 - 7*j + 11. What is m(h)?
1
Suppose 0*k = 5*k + 5*z + 45, -4*z - 28 = 2*k. Let o(h) = h**3 + 6*h**2 + 4*h. Calculate o(k).
16
Let i(t) = t**3 - 4*t**2 - 3*t - 5. Suppose 0*r = 5*r - 25. Suppose 2*n - 57 = r*a, -5*n + 3*a = -6 - 89. Suppose 0 = -5*k + n + 9. What is i(k)?
5
Let r(n) be the second derivative of n**3/3 + 5*n**2/2 - 2*n. Let i be (-6)/9*(-39)/(-2). Let m = -17 - i. Determine r(m).
-3
Let u(q) = -q**3 + 11*q**2 - 17*q + 8. Let n(t) = 3*t**3 - 32*t**2 + 49*t - 23. Let k(g) = -6*n(g) - 17*u(g). Determine k(5).
-23
Let i be 3*(2/(-1) - -3). Let k(p) = p**3 - i*p - 2 - 5*p**2 + 8 - 2*p. What is k(6)?
12
Let k(q) = -q**3 + 2*q**2 + q + 1. Let c = -73 + 77. Suppose c*w + 27 = 39. Determine k(w).
-5
Let t(u) = -u**3 - 9*u**2 - u + 3. Let s be t(-6). Let h = 105 + s. Let y(z) = 4*z - 7. Calculate y(h).
17
Let m = -6 + 8. Let p be -1 - (0/m + -1). Let l(s) be the second derivative of s**5/20 - s**4/12 - s**3/6 + 7*s**2/2 - 62*s. What is l(p)?
7
Let s be (2/2)/((-14)/(-98)). Suppose 10*b = s*b - 12. Let q(y) = -4*y + 2. Give q(b).
18
Let b be ((-8)/(-18))/((-2)/(-9)). Suppose i - b*g = 8, 4*i + 2*g = -2*g - 4. Let v(o) = o - 2. Determine v(i).
0
Let o(u) be the third derivative of -u**6/120 + u**5/15 - u**4/24 - u**3/2 + 9*u**2. Let y(z) = -6*z + 0*